{"id":530,"date":"2016-03-08T16:09:23","date_gmt":"2016-03-08T15:09:23","guid":{"rendered":"http:\/\/rodnovjerje.com.hr\/?page_id=530"},"modified":"2026-04-10T17:24:23","modified_gmt":"2026-04-10T15:24:23","slug":"rodnovjerje-com-hr","status":"publish","type":"page","link":"https:\/\/rodnovjerje.com.hr\/index.php\/rodnovjerje-com-hr\/","title":{"rendered":"Rodnovjerje.com.hr"},"content":{"rendered":"\t\t<div data-elementor-type=\"wp-page\" data-elementor-id=\"530\" class=\"elementor elementor-530\">\n\t\t\t\t<div class=\"elementor-element elementor-element-5ee4b39f e-con-full e-flex e-con e-parent\" data-id=\"5ee4b39f\" data-element_type=\"container\" data-e-type=\"container\">\n\t\t\t\t<div class=\"elementor-element elementor-element-61d672d4 elementor-widget elementor-widget-text-editor\" data-id=\"61d672d4\" data-element_type=\"widget\" data-e-type=\"widget\" data-widget_type=\"text-editor.default\">\n\t\t\t\t\t\t\t\t\t<h3><span style=\"color: #a8202a;\">O portalu<\/span><\/h3><p style=\"text-align: justify;\"><img decoding=\"async\" class=\"wp-image-345 size-full alignright\" src=\"https:\/\/rodnovjerje.com.hr\/wp-content\/uploads\/2016\/03\/BannerA-e1775759869661.jpg\" alt=\"BannerA\" width=\"434\" height=\"90\" \/>Portal rodnovjerje.com.hr ugledao je svjetlo dana u velja\u010di 2014. godine na po\u010detku nove obredne godine kao slu\u017ebeni portal Saveza hrvatskih rodnovjeraca. U me\u0111uvremenu je na njemu od tada objavljeno pregr\u0161t zanimljivih \u010dlanaka o duhovnosti, slavenskom i hrvatskom rodnovjerju, starovjerju, narodnim obi\u010dajima, blagdanima, poveznicama na glazbene i video novitete spomenutih tema, dokumentarce, prikaze knjiga, narodne mudrosti i drugo. Nakon dvije godine postojanja u o\u017eujku 2016. godine portal je do\u017eivio vizualno, tehni\u010dko i sadr\u017eajno osvje\u017eenje te se nadamo da \u0107emo nastaviti i dalje s rastom kvalitetnog i zanimljivog sadr\u017eaja.<\/p><p style=\"text-align: justify;\">Portal rodnovjerje.com.hr ne pola\u017ee prava na autorska audio, video i pisana djela ve\u0107 ih samo prenosi u svrhu informiranja \u0161ire javnosti u sklopu sli\u010dnih tema. Portal rodnovjerje.com.hr pola\u017ee autorska prava na sve slu\u017ebene objave, vijesti i materijale Saveza hrvatskih rodnovjeraca.<\/p><p style=\"text-align: justify;\">Uredni\u0161tvo portala rodnovjerje.com.hr trenutno ima tri stalna urednika te niz suradnika. Ako \u017eelite sura\u0111ivati s nama u pripremi zanimljivih i kvalitetnih materijala slobodno nam se obratite na adresu e-po\u0161te\u00a0<strong><a href=\"http:\/\/urednistvo@rodnovjerje.com.hr\">urednistvo@rodnovjerje.com.hr<\/a><\/strong>.<\/p><p data-start=\"2030\" data-end=\"2084\">\u00a0<\/p>\t\t\t\t\t\t\t\t<\/div>\n\t\t\t\t<div class=\"elementor-element elementor-element-91ee08c e-n-tabs-mobile elementor-widget elementor-widget-n-tabs\" data-id=\"91ee08c\" data-element_type=\"widget\" data-e-type=\"widget\" data-settings=\"{&quot;horizontal_scroll&quot;:&quot;disable&quot;}\" data-widget_type=\"nested-tabs.default\">\n\t\t\t\t\t\t\t<div class=\"e-n-tabs\" data-widget-number=\"153018508\" aria-label=\"Tabulatori. Otvorite stavke pomo\u0107u Enter ili Space, zatvorite pomo\u0107u Escapea i kre\u0107ite se pomo\u0107u tipki sa strelicama.\">\n\t\t\t<div class=\"e-n-tabs-heading\" role=\"tablist\">\n\t\t\t\t\t<button id=\"e-n-tab-title-1530185081\" data-tab-title-id=\"e-n-tab-title-1530185081\" class=\"e-n-tab-title\" aria-selected=\"true\" data-tab-index=\"1\" role=\"tab\" tabindex=\"0\" aria-controls=\"e-n-tab-content-1530185081\" style=\"--n-tabs-title-order: 1;\">\n\t\t\t\t\t\t<span class=\"e-n-tab-title-text\">\n\t\t\t\tImpressum\t\t\t<\/span>\n\t\t<\/button>\n\t\t\t\t<button id=\"e-n-tab-title-1530185082\" data-tab-title-id=\"e-n-tab-title-1530185082\" class=\"e-n-tab-title\" aria-selected=\"false\" data-tab-index=\"2\" role=\"tab\" tabindex=\"-1\" aria-controls=\"e-n-tab-content-1530185082\" style=\"--n-tabs-title-order: 2;\">\n\t\t\t\t\t\t<span class=\"e-n-tab-title-text\">\n\t\t\t\tOp\u0107i uvjeti kori\u0161tenja\t\t\t<\/span>\n\t\t<\/button>\n\t\t\t\t<button id=\"e-n-tab-title-1530185083\" data-tab-title-id=\"e-n-tab-title-1530185083\" class=\"e-n-tab-title\" aria-selected=\"false\" data-tab-index=\"3\" role=\"tab\" tabindex=\"-1\" aria-controls=\"e-n-tab-content-1530185083\" style=\"--n-tabs-title-order: 3;\">\n\t\t\t\t\t\t<span class=\"e-n-tab-title-text\">\n\t\t\t\tPravila privatnosti\t\t\t<\/span>\n\t\t<\/button>\n\t\t\t\t\t<\/div>\n\t\t\t<div class=\"e-n-tabs-content\">\n\t\t\t\t<div id=\"e-n-tab-content-1530185081\" role=\"tabpanel\" aria-labelledby=\"e-n-tab-title-1530185081\" data-tab-index=\"1\" style=\"--n-tabs-title-order: 1;\" class=\"e-active elementor-element elementor-element-ed9dae5 e-con-full e-flex e-con e-child\" data-id=\"ed9dae5\" data-element_type=\"container\" data-e-type=\"container\">\n\t\t<div class=\"elementor-element elementor-element-cd42917 e-flex e-con-boxed e-con e-child\" data-id=\"cd42917\" data-element_type=\"container\" data-e-type=\"container\">\n\t\t\t\t\t<div class=\"e-con-inner\">\n\t\t\t\t<div class=\"elementor-element elementor-element-9a5c778 elementor-widget elementor-widget-text-editor\" data-id=\"9a5c778\" data-element_type=\"widget\" data-e-type=\"widget\" data-widget_type=\"text-editor.default\">\n\t\t\t\t\t\t\t\t\t<h3 style=\"text-align: justify;\"><span style=\"color: #a8202a;\">Impressum (Podaci o izdava\u010du)<\/span><\/h3><p data-start=\"221\" data-end=\"286\"><strong data-start=\"221\" data-end=\"253\">Izdava\u010d \/ Nositelj stranice:<\/strong><br data-start=\"253\" data-end=\"256\" \/>Savez hrvatskih rodnovjeraca<\/p><p data-start=\"288\" data-end=\"356\"><strong data-start=\"288\" data-end=\"301\">Sjedi\u0161te:<\/strong><br data-start=\"301\" data-end=\"304\" \/>Zagreb, Hrvatska<\/p><p data-start=\"378\" data-end=\"444\"><strong data-start=\"378\" data-end=\"390\">Kontakt:<\/strong><br data-start=\"390\" data-end=\"393\" \/>E-mail: <a href=\"http:\/\/shr@rodnovjerje.com.hr\/\">shr@rodnovjerje.com.hr<\/a><br data-start=\"408\" data-end=\"411\" \/>Web: <a class=\"decorated-link\" href=\"https:\/\/rodnovjerje.com.hr\/\" target=\"_new\" rel=\"noopener\" data-start=\"416\" data-end=\"442\">https:\/\/rodnovjerje.com.hr<\/a><\/p><p data-start=\"504\" data-end=\"790\"><strong data-start=\"504\" data-end=\"534\">Odricanje od odgovornosti:<\/strong><br data-start=\"534\" data-end=\"537\" \/>Sadr\u017eaji na ovim stranicama izra\u0111eni su s najve\u0107om pa\u017enjom. Ipak, ne mo\u017eemo jam\u010diti potpunost, to\u010dnost i a\u017eurnost svih informacija. Kao pru\u017eatelj usluga odgovorni smo za vlastiti sadr\u017eaj na ovim stranicama u skladu s va\u017ee\u0107im zakonima Republike Hrvatske.<\/p><p data-start=\"797\" data-end=\"1052\"><strong data-start=\"797\" data-end=\"816\">Autorska prava:<\/strong><br data-start=\"816\" data-end=\"819\" \/>Svi sadr\u017eaji i djela objavljena na ovim stranicama podlije\u017eu autorskom pravu. Svako umno\u017eavanje, obrada, distribucija ili bilo kakav oblik kori\u0161tenja izvan granica autorskog prava zahtijeva prethodno pisano odobrenje nositelja prava.<\/p>\t\t\t\t\t\t\t\t<\/div>\n\t\t\t\t\t<\/div>\n\t\t\t\t<\/div>\n\t\t\t\t<\/div>\n\t\t<div id=\"e-n-tab-content-1530185082\" role=\"tabpanel\" aria-labelledby=\"e-n-tab-title-1530185082\" data-tab-index=\"2\" style=\"--n-tabs-title-order: 2;\" class=\" elementor-element elementor-element-bceace4 e-con-full e-flex e-con e-child\" data-id=\"bceace4\" data-element_type=\"container\" data-e-type=\"container\">\n\t\t<div class=\"elementor-element elementor-element-540ccd4 e-flex e-con-boxed e-con e-child\" data-id=\"540ccd4\" data-element_type=\"container\" data-e-type=\"container\">\n\t\t\t\t\t<div class=\"e-con-inner\">\n\t\t\t\t<div class=\"elementor-element elementor-element-8edbe6b elementor-widget elementor-widget-text-editor\" data-id=\"8edbe6b\" data-element_type=\"widget\" data-e-type=\"widget\" data-widget_type=\"text-editor.default\">\n\t\t\t\t\t\t\t\t\t<h3 data-start=\"797\" data-end=\"1052\"><span style=\"color: #a8202a;\">Op\u0107i uvjeti kori\u0161tenja<\/span><\/h3><h4 data-section-id=\"1u792s8\" data-start=\"1098\" data-end=\"1116\">1. Op\u0107e odredbe<\/h4><p data-start=\"1117\" data-end=\"1251\">Ovi Op\u0107i uvjeti kori\u0161tenja ure\u0111uju kori\u0161tenje web stranice rodnovjerje.com.hr. Kori\u0161tenjem stranice prihva\u0107ate ove uvjete u cijelosti.<\/p><h4 data-section-id=\"191ir5p\" data-start=\"1258\" data-end=\"1280\">2. Sadr\u017eaj stranice<\/h4><p data-start=\"1281\" data-end=\"1458\">Sadr\u017eaj ove stranice slu\u017ei isklju\u010divo u informativne i edukativne svrhe. Savez hrvatskih rodnovjeraca zadr\u017eava pravo izmjene sadr\u017eaja u bilo kojem trenutku bez prethodne najave.<\/p><h4 data-section-id=\"zqq1qb\" data-start=\"1465\" data-end=\"1490\">3. Kori\u0161tenje stranice<\/h4><p data-start=\"1491\" data-end=\"1521\">Korisnici se obvezuju da ne\u0107e:<\/p><ul data-start=\"1522\" data-end=\"1691\"><li data-section-id=\"1yicirc\" data-start=\"1522\" data-end=\"1578\">koristiti stranicu na na\u010din koji mo\u017ee uzrokovati \u0161tetu<\/li><li data-section-id=\"u10qbd\" data-start=\"1579\" data-end=\"1638\">objavljivati nezakonit, uvredljiv ili neprimjeren sadr\u017eaj<\/li><li data-section-id=\"gf844m\" data-start=\"1639\" data-end=\"1691\">poku\u0161avati neovla\u0161teno pristupiti sustavu stranice<\/li><\/ul><h4 data-section-id=\"n09nja\" data-start=\"1698\" data-end=\"1721\">4. Vanjske poveznice<\/h4><p data-start=\"1722\" data-end=\"1851\">Stranica mo\u017ee sadr\u017eavati poveznice na vanjske web stranice. Nemamo utjecaj na njihov sadr\u017eaj i ne preuzimamo odgovornost za njih.<\/p><h4 data-section-id=\"hw7vjg\" data-start=\"1858\" data-end=\"1888\">5. Ograni\u010denje odgovornosti<\/h4><p data-start=\"1889\" data-end=\"1999\">Ne odgovaramo za eventualnu \u0161tetu nastalu kori\u0161tenjem ove web stranice, osim u slu\u010dajevima propisanim zakonom.<\/p><h4 data-section-id=\"1a520wq\" data-start=\"2006\" data-end=\"2029\">6. Primjenjivo pravo<\/h4><p data-start=\"2030\" data-end=\"2084\">Na ove uvjete primjenjuje se pravo Republike Hrvatske.<\/p>\t\t\t\t\t\t\t\t<\/div>\n\t\t\t\t\t<\/div>\n\t\t\t\t<\/div>\n\t\t\t\t<\/div>\n\t\t<div id=\"e-n-tab-content-1530185083\" role=\"tabpanel\" aria-labelledby=\"e-n-tab-title-1530185083\" data-tab-index=\"3\" style=\"--n-tabs-title-order: 3;\" class=\" elementor-element elementor-element-f955432 e-con-full e-flex e-con e-child\" data-id=\"f955432\" data-element_type=\"container\" data-e-type=\"container\">\n\t\t<div class=\"elementor-element elementor-element-5849e7c e-flex e-con-boxed e-con e-child\" data-id=\"5849e7c\" data-element_type=\"container\" data-e-type=\"container\">\n\t\t\t\t\t<div class=\"e-con-inner\">\n\t\t\t\t<div class=\"elementor-element elementor-element-39173e4 elementor-widget elementor-widget-text-editor\" data-id=\"39173e4\" data-element_type=\"widget\" data-e-type=\"widget\" data-widget_type=\"text-editor.default\">\n\t\t\t\t\t\t\t\t\t<h3 data-start=\"797\" data-end=\"1052\"><span style=\"color: #a8202a;\">Pravila privatnosti<\/span><\/h3><h4 data-section-id=\"13for4i\" data-start=\"2144\" data-end=\"2166\">1. Op\u0107e informacije<\/h4><p data-start=\"2167\" data-end=\"2325\">Za\u0161tita va\u0161ih osobnih podataka nam je va\u017ena. Va\u0161e podatke obra\u0111ujemo u skladu s Op\u0107om uredbom o za\u0161titi podataka (GDPR) i va\u017ee\u0107im zakonima Republike Hrvatske.<\/p><h4 data-section-id=\"1w9xo3j\" data-start=\"2332\" data-end=\"2359\">2. Prikupljanje podataka<\/h4><p data-start=\"2360\" data-end=\"2429\">Prilikom kori\u0161tenja web stranice mogu se prikupljati sljede\u0107i podaci:<\/p><ul data-start=\"2430\" data-end=\"2492\"><li data-section-id=\"16y7r81\" data-start=\"2430\" data-end=\"2441\">IP adresa<\/li><li data-section-id=\"1c3y1r7\" data-start=\"2442\" data-end=\"2464\">podaci o pregledniku<\/li><li data-section-id=\"i1b2r\" data-start=\"2465\" data-end=\"2492\">vrijeme pristupa stranici<\/li><\/ul><p data-start=\"2494\" data-end=\"2541\">Ako nas kontaktirate putem e-maila ili obrasca:<\/p><ul data-start=\"2542\" data-end=\"2590\"><li data-section-id=\"v9380s\" data-start=\"2542\" data-end=\"2557\">ime i prezime<\/li><li data-section-id=\"5oc24p\" data-start=\"2558\" data-end=\"2573\">e-mail adresa<\/li><li data-section-id=\"v5wrhr\" data-start=\"2574\" data-end=\"2590\">sadr\u017eaj poruke<\/li><\/ul><h4 data-section-id=\"1e1o5h5\" data-start=\"2597\" data-end=\"2615\">3. Svrha obrade<\/h4><p data-start=\"2616\" data-end=\"2637\">Podaci se koriste za:<\/p><ul data-start=\"2638\" data-end=\"2758\"><li data-section-id=\"1twpzr4\" data-start=\"2638\" data-end=\"2679\">osiguravanje funkcionalnosti stranice<\/li><li data-section-id=\"kbvq42\" data-start=\"2680\" data-end=\"2710\">komunikaciju s korisnicima<\/li><li data-section-id=\"v64o0l\" data-start=\"2711\" data-end=\"2758\">pobolj\u0161anje sadr\u017eaja i korisni\u010dkog iskustva<\/li><\/ul><h4 data-section-id=\"ha1pbl\" data-start=\"2765\" data-end=\"2787\">4. Pohrana podataka<\/h4><p data-start=\"2788\" data-end=\"2898\">Podaci se \u010duvaju samo onoliko dugo koliko je potrebno za svrhu za koju su prikupljeni ili koliko nala\u017ee zakon.<\/p><h4 data-section-id=\"lyaeez\" data-start=\"2905\" data-end=\"2930\">5. Dijeljenje podataka<\/h4><p data-start=\"2931\" data-end=\"3003\">Va\u0161i podaci se ne\u0107e dijeliti s tre\u0107im stranama, osim ako je to nu\u017eno za:<\/p><ul data-start=\"3004\" data-end=\"3056\"><li data-section-id=\"zxx86y\" data-start=\"3004\" data-end=\"3036\">tehni\u010dko odr\u017eavanje stranice<\/li><li data-section-id=\"lt20bp\" data-start=\"3037\" data-end=\"3056\">zakonske obveze<\/li><\/ul><h4 data-section-id=\"qoahq6\" data-start=\"3063\" data-end=\"3079\">6. Va\u0161a prava<\/h4><p data-start=\"3080\" data-end=\"3092\">Imate pravo:<\/p><ul data-start=\"3093\" data-end=\"3211\"><li data-section-id=\"1eb33rj\" data-start=\"3093\" data-end=\"3130\">zatra\u017eiti pristup svojim podacima<\/li><li data-section-id=\"bd7n1q\" data-start=\"3131\" data-end=\"3165\">ispravak ili brisanje podataka<\/li><li data-section-id=\"wwuphe\" data-start=\"3166\" data-end=\"3188\">ograni\u010denje obrade<\/li><li data-section-id=\"143vy1q\" data-start=\"3189\" data-end=\"3211\">povla\u010denje privole<\/li><\/ul><p data-start=\"3213\" data-end=\"3264\">Za ostvarivanje prava kontaktirajte nas na: <strong><a href=\"http:\/\/urednistvo@rodnovjerje.com.hr\/\">urednistvo@rodnovjerje.com.hr<\/a><\/strong><\/p><h4 data-section-id=\"1hc4jt\" data-start=\"3271\" data-end=\"3295\">7. Kola\u010di\u0107i (Cookies)<\/h4><p data-start=\"3296\" data-end=\"3418\">Stranica mo\u017ee koristiti kola\u010di\u0107e za pobolj\u0161anje korisni\u010dkog iskustva. Kori\u0161tenjem stranice pristajete na njihovu upotrebu.<\/p><h4 data-section-id=\"makzdf\" data-start=\"3425\" data-end=\"3438\">8. Kontakt<\/h4><p data-start=\"3439\" data-end=\"3499\">Za sva pitanja vezana uz za\u0161titu podataka:<br data-start=\"3481\" data-end=\"3484\" \/>E-mail: <strong><a href=\"http:\/\/urednistvo@rodnovjerje.com.hr\/\">urednistvo@rodnovjerje.com.hr<\/a><\/strong><\/p>\t\t\t\t\t\t\t\t<\/div>\n\t\t\t\t\t<\/div>\n\t\t\t\t<\/div>\n\t\t\t\t<\/div>\n\t\t\t\t\t<\/div>\n\t\t<\/div>\n\t\t\t\t\t\t<\/div>\n\t\t\t\t<\/div>\n\t\t\t\t<\/div>\n\t\t","protected":false},"excerpt":{"rendered":"<p>O portalu Portal rodnovjerje.com.hr ugledao je svjetlo dana u velja\u010di 2014. godine na po\u010detku nove obredne godine kao slu\u017ebeni portal Saveza hrvatskih rodnovjeraca. U me\u0111uvremenu je na njemu od tada objavljeno pregr\u0161t zanimljivih \u010dlanaka o duhovnosti, slavenskom i hrvatskom rodnovjerju, starovjerju, narodnim obi\u010dajima, blagdanima, poveznicama na glazbene i video novitete spomenutih tema, dokumentarce, prikaze knjiga,<\/p>\n<p class=\"more-link\"><a href=\"https:\/\/rodnovjerje.com.hr\/index.php\/rodnovjerje-com-hr\/\" class=\"themebutton2\">READ MORE<\/a><\/p>\n","protected":false},"author":3,"featured_media":0,"parent":0,"menu_order":0,"comment_status":"closed","ping_status":"closed","template":"","meta":{"footnotes":""},"categories":[],"tags":[],"class_list":["post-530","page","type-page","status-publish","hentry"],"_links":{"self":[{"href":"https:\/\/rodnovjerje.com.hr\/index.php\/wp-json\/wp\/v2\/pages\/530","targetHints":{"allow":["GET"]}}],"collection":[{"href":"https:\/\/rodnovjerje.com.hr\/index.php\/wp-json\/wp\/v2\/pages"}],"about":[{"href":"https:\/\/rodnovjerje.com.hr\/index.php\/wp-json\/wp\/v2\/types\/page"}],"author":[{"embeddable":true,"href":"https:\/\/rodnovjerje.com.hr\/index.php\/wp-json\/wp\/v2\/users\/3"}],"replies":[{"embeddable":true,"href":"https:\/\/rodnovjerje.com.hr\/index.php\/wp-json\/wp\/v2\/comments?post=530"}],"version-history":[{"count":16,"href":"https:\/\/rodnovjerje.com.hr\/index.php\/wp-json\/wp\/v2\/pages\/530\/revisions"}],"predecessor-version":[{"id":2206,"href":"https:\/\/rodnovjerje.com.hr\/index.php\/wp-json\/wp\/v2\/pages\/530\/revisions\/2206"}],"wp:attachment":[{"href":"https:\/\/rodnovjerje.com.hr\/index.php\/wp-json\/wp\/v2\/media?parent=530"}],"wp:term":[{"taxonomy":"category","embeddable":true,"href":"https:\/\/rodnovjerje.com.hr\/index.php\/wp-json\/wp\/v2\/categories?post=530"},{"taxonomy":"post_tag","embeddable":true,"href":"https:\/\/rodnovjerje.com.hr\/index.php\/wp-json\/wp\/v2\/tags?post=530"}],"curies":[{"name":"wp","href":"https:\/\/api.w.org\/{rel}","templated":true}]}}